9
Let u(t) = -11*t**3 + 2*t**2 + t + 40. Let v be u(-5). Suppose 0*n + 2*c = n - 1452, -n + v = -4*c. List the prime factors of n.
2, 19
Let l = -88 - -62. Let z(a) = -a**2 - 37*a + 8. List the prime factors of z(l).
2, 3, 7
Let p(c) = -2*c**3 + 5*c**2 + 14*c + 33. Suppose -7*s + 105 = -28*s. List the prime factors of p(s).
2, 13
Let r(z) = 39*z - 108. Let u(o) = -39*o + 109. Let d(b) = 3*r(b) + 4*u(b). List the prime factors of d(-17).
5, 31
Suppose 518344 + 1136608 = 104*b. What are the prime factors of b?
15913
Let p(b) = -584*b + 12993. List the prime factors of p(-89).
64969
Suppose 2*i - 20*b + 11*b + 10*b = 50282, b = 0. What are the prime factors of i?
31, 811
Let s = -14254 + 24550. What are the prime factors of s?
2, 3, 11, 13
Let d(j) = -34*j - 11. Suppose -5*u + 7*u + 17 = 5*h, -2*h + 5*u - 10 = 0. Suppose 7*c + h*c + 12 = 0. What are the prime factors of d(c)?
23
Let j(d) = 93*d + 5. Let b be j(2). Let q(c) = -c**3 + 11*c**2 - 11*c + 14. Let r be q(10). List the prime factors of (-7)/(-28) + b/r.
2, 3
Suppose 0 = 4*i + 8, -2*i = -8*n + 659587 - 73439. What are the prime factors of n?
2, 13, 1409
Let j = -102 + 35. Let g = 64 + j. Let q(i) = -6*i**3 - 2*i**2 - 2*i + 5. List the prime factors of q(g).
5, 31
Let y(u) = -u**2 + 3*u - 7. Let g be y(0). Let i = 92 - g. List the prime factors of i.
3, 11
Suppose 0 = -56*s + 31*s + 41925. Suppose -3*m + s = 5*v, 3*m - m = 5*v - 1682. What are the prime factors of v?
2, 3, 7
Suppose 171*y = 163*y + 536. Suppose -y*u + 58*u + 7335 = 0. List the prime factors of u.
5, 163
Suppose u - 1837 = 5*a - 555, 2*a = 4*u - 5038. Let g = 1809 - u. What are the prime factors of g?
2, 3, 23
Suppose 16*w = 19*w + 693. Let m = -153 - w. Suppose -4*p = l - 264, -12 = p + l - m. List the prime factors of p.
2, 3, 11
Let x be (8/(-3))/(3 - 42747/14247). Suppose 7*y - 5*y + x = 5*h, 2*y = -h + 1276. List the prime factors of h.
2, 317
Suppose -t = s - 20, 0 = 3*t - s + 2*s - 54. Suppose 15*r + 4 = t*r. Suppose 4 = r*a - 0*a. What are the prime factors of a?
2
Suppose 6*t - 4*t = 154. Let j = 79 - t. Suppose 13 = j*z + 3. List the prime factors of z.
5
Let d be 58/3 + 2*4/(-24). Let a(o) = -12*o - 73. Let x(q) = -11*q - 75. Let w(y) = 2*a(y) - 3*x(y). What are the prime factors of w(d)?
2, 5
Suppose 2*s + 2080 - 13736 = 4*m, -3*s + 17429 = 5*m. List the prime factors of s.
2, 2909
Suppose 948*r = 947*r - 253. Let c = r + 1257. List the prime factors of c.
2, 251
Let y = -44 - -49. Suppose 4*m - 7 - y = 0. Let g = 23 - m. List the prime factors of g.
2, 5
Let v(s) = -s**3 - 6*s**2 - 1. Let n be v(-6). List the prime factors of (-163 - (-5 - n))*-1.
3, 53
Suppose -f + 3*h + 9 - 14 = 0, 1 = 3*f - h. Let m(y) = 171*y**3 + 2*y**2 - 4*y + 3. List the prime factors of m(f).
2, 43
Suppose 8332 = 2*i - 2*d, -4*i = -5*d - 19586 + 2926. What are the prime factors of i/4 + 24/16?
2, 3, 29
Suppose 2*m = -2*a + 858, 3*m - 2*a - 1279 = -a. Let x = m - 247. Suppose 2*r - d = -0*d + 123, -3*r - 3*d + x = 0. What are the prime factors of r?
61
Let o be ((-24)/(-12))/(1 + 1). Suppose 5*f + 2*x - 137 = 0, 3*x + o = f - 23. List the prime factors of f.
3
Let j be ((-12)/16)/(3/(-16)). Suppose 4*p - 3908 = -4*k, -2*k - j*p - 224 = -2174. List the prime factors of k.
11, 89
Suppose 0 = 98*l - 101379 - 438993. What are the prime factors of l?
2, 3, 919
Suppose -80*a - 35 = -79*a. What are the prime factors of (a/(-30)*-10)/(3/(-108))?
2, 3, 5, 7
Let n be 85/20 - 9/(-12). Suppose -403 = n*k - 1723. List the prime factors of k.
2, 3, 11
Let u(h) = -h**3 + 2*h**2 + 7*h - 162. What are the prime factors of u(-27)?
2, 3, 5, 7, 11
Let f = 78 - 6. Suppose 2*n - 4*v = -6, -2*n - 2*v - v = -22. Suppose d = -5*q + 245, 3*d - 173 = -n*q + f. What are the prime factors of q?
7
Let x(o) = -943*o + 489. List the prime factors of x(-7).
2, 5, 709
What are the prime factors of 156/(2 - -1)*(175 - -9)?
2, 13, 23
Let l = 21 + -16. Let k be ((-2)/3)/(l/1845). Let n = -116 - k. What are the prime factors of n?
2, 5, 13
Suppose 30*n - 42930 = 103950. What are the prime factors of n?
2, 3, 17
Let d(c) = 8*c**2 - 126*c - 10. What are the prime factors of d(-20)?
2, 5, 571
Suppose -7*p + 4*p = -4*z - 3790, 3*z = p - 1255. Suppose 2342 + p = 5*m - 3*l, 0 = -m + 4*l + 719. Let f = m - 512. What are the prime factors of f?
211
Suppose 3*y + 5 = 11. Suppose -17 = -k + 2*k - 3*c, -5*c = -y*k - 35. List the prime factors of (k/25)/(1/(-200)).
2, 5
Suppose -2*c = -5*c - 2*s + 12, -8 = -2*c - 5*s. Suppose c*g - 982 = -5*y, -g - 482 = -3*g + 2*y. List the prime factors of g.
3
Let g(t) = 33*t**2 + 73 - t**3 + 1097 - 3*t + 10*t - 33*t**2. List the prime factors of g(0).
2, 3, 5, 13
Let q = -2809 + 4863. What are the prime factors of q?
2, 13, 79
Suppose 0 = 66*y - 72*y + 5376. Let t = y - 560. List the prime factors of t.
2, 3, 7
Let m(h) = -6323*h - 27 + 5*h**2 + 6323*h. List the prime factors of m(6).
3, 17
Let o = -433 + 820. Suppose -2*d = 3*z - 5*d - o, -3*z + 4*d = -383. List the prime factors of z.
7, 19
Suppose 43*b - 7*b + 280738 = 82*b. List the prime factors of b.
17, 359
Let c(s) = 87*s**2 + 3*s + 77. List the prime factors of c(-8).
7, 11, 73
Suppose -87*w - 539393 = -3151086 - 1391960. List the prime factors of w.
17, 2707
Let p be (-3)/(-3 + 6) + 3. Suppose 0 = -2*n + 6, 7*h - p*n + 350 = 11*h. List the prime factors of h.
2, 43
Let k = 6066 + 499. What are the prime factors of k?
5, 13, 101
Suppose 43*d - 1946591 + 101203 = 0. List the prime factors of d.
2, 10729
Let n = 30 - 30. Suppose -4*r - m = -6*m - 38, n = -m - 2. Suppose 14*g = r*g + 812. List the prime factors of g.
2, 29
Suppose 0 = -2*o + 5 - 1. Suppose 0 = -o*c + 19 - 29, 0 = -t - 2*c + 373. List the prime factors of t.
383
Suppose 0 = 9*c - 14*c - 2*p + 406032, c - 2*p - 81216 = 0. List the prime factors of c.
2, 10151
Let d = 2158 + 37613. What are the prime factors of d?
3, 491
Let b(p) = -8*p + 61. Let n be b(7). Let u be (1 + n)/(42/28). Suppose 974 = u*i + 2*v, 3*i + 5*v = v + 743. List the prime factors of i.
241
Suppose 47*p + 3*w = 45*p + 27523, 3*w + 13757 = p. List the prime factors of p.
2, 5, 43
Suppose -2*w + 8 = 0, 2*w + 23545 = r - 26475. List the prime factors of r.
2, 3, 11, 379
Let g = -826 - -457. Let s = g - -714. List the prime factors of s.
3, 5, 23
Suppose 0 = w - 11*g + 15*g - 8, -16 = -5*w + 4*g. Suppose 1650 = k + z, -1640 = -k - 0*z + w*z. What are the prime factors of k?
2, 103
Suppose -4*l + 292 = -5*r, 22 = -r + 4*l - 46. Let y be 81 + (-49)/(-21)*3. Let q = y + r. List the prime factors of q.
2
Suppose -b - d = d - 7, b - 5*d + 7 = 0. Suppose -b*x + 598 = p + 212, p - x = 370. List the prime factors of p.
2, 11, 17
Suppose -4*w - 7 = -t, 0 = -4*w + 3*t + 2*t - 3. What are the prime factors of (7 + (-16)/w)*1?
3, 5
Suppose 4*s = -3*t + 57936, -3*t = 2*s - 10342 - 47582. List the prime factors of t.
2, 19, 127
Let v(o) = -o. Let w(j) = 6*j - 1. Let q(g) = 11*v(g) + 2*w(g). Let z be q(4). Suppose -z*r - 7*r = -1071. List the prime factors of r.
7, 17
Suppose -9*n - 295 = 164. Let a = 56 + n. What are the prime factors of ((-4)/20 + a)/(3/10)?
2
Let x(b) = 14*b + 384. Suppose 261 = 3*k + 216. List the prime factors of x(k).
2, 3, 11
Suppose -8*d + 111 = -153. Suppose -38*i + 555 = -d*i. What are the prime factors of i?
3, 37
Let v(d) = -d**3 - 61*d**2 + 65*d - 111. Let m be v(-62). Suppose 0 = q - 22 + 152. Let l = q - m. What are the prime factors of l?
167
Suppose 133*v + 99*v - 1527498 = 331518. List the prime factors of v.
3, 2671
Suppose 4*t - 17 = 19. Let z(r) = 14 + 8 + 7*r + 1 - 3. What are the prime factors of z(t)?
83
Let y(v) = -1728*v + 6342. What are the prime factors of y(-29)?
2, 3, 97
Let y be 1/(-2)*(9 - 9). Let c = 0 + y. Suppose -3*t + z + 108 = c, -143 = -4*t + z + 2. List the prime factors of t.
37
Let b = -334 - -510. Let s = 141 + b. What are the prime factors of s?
317
Suppose 2*k = -4*p + 70892, 3*k - 72 + 60 = 0. What are the prime factors of p?
3, 11, 179
Let g(q) = q**3 - 18*q**2 + 21*q - 41. Let r be g(17). What are the prime factors of r/(2345/(-336) - -7)?
2, 3
Suppose -189*q = -185*q - 7968. Suppose -q = 9*f - 7230. List the prime factors of f.
2, 3, 97
Let w(u) be the second derivative of -7*u**6/720 + 7*u**5/120 + 2*u**4/3 